 v(i) a prime number?
False
Is 0 + (-2)/14 - (-41072244)/2226 prime?
True
Suppose 4*m + 36 = -b, -4*m - 4*b = -0*b + 24. Is 5/(m/(-1346)) - 2 composite?
True
Let u(j) = -j**2 + 13*j + 1. Let r be u(13). Is r/7 - (-9152)/77 a prime number?
False
Suppose 4*l - 12 = -4*r, -2*l + 4 = 2*l - 4*r. Let y be ((-7)/(-28))/(l/(-8)). Is ((-93)/12)/(y/12) a prime number?
False
Suppose 4*d + 410 = 62. Is 17*d/(-6)*14/7 composite?
True
Suppose -11 = -4*z + 5. Suppose 2*j = 2*c - 10, 2*j = -2*j. Suppose c*g - 35 = z*g. Is g a composite number?
True
Let m be 6/(-9*1/(-6)). Suppose m*z - 725 = -0*f - 5*f, f - z - 145 = 0. Is f a composite number?
True
Let s = 25 + -57. Let m be (-12)/6 - (2 - -134). Let j = s - m. Is j prime?
False
Let q(v) = v**3 - 18*v**2 - 28*v - 14. Let f be q(20). Suppose -4*m = -4, 670 = 2*g - 2*m + f. Is g a composite number?
False
Let w(u) be the third derivative of -u**6/120 - u**5/40 - u**4/6 + 2*u**2. Let z(r) be the second derivative of w(r). Is z(-3) a prime number?
False
Let h be 0/(3/(-3 - -2)). Suppose k - m - 6 = 0, -2*k + 0*m - 4*m - 12 = h. Suppose 597 = 5*f - k*f. Is f a prime number?
True
Suppose -137*v + 146*v = 80091. Is v prime?
False
Suppose -2321 = -m - 314. Suppose -8*q + 7105 = -m. Is q a composite number?
True
Suppose 5*u = 0, -35 + 713 = z + 5*u. Suppose -2*n + z = 4*n. Is n a composite number?
False
Let k be (10/3)/((-4)/6). Let x(h) = -27*h - 7. Let d be x(k). Suppose 4*a = -4*t + d, 5*t - 156 = 3*a - 4*a. Is t composite?
False
Suppose -2*o + 4 = 0, -u + 10*o = 7*o - 16667. Is u prime?
True
Suppose 0 = -11*m + 48661 + 26612. Is m a composite number?
True
Let t = 2 - -5. Suppose -l - t*k = -3*k - 891, -2*k = 3*l - 2723. Is l prime?
True
Is 2/(4/2478) + 4 prime?
False
Let t = -102 + 50. Let f = t + 85. Is f a composite number?
True
Let f = 1030 - 418. Suppose -f = 19*r - 17*r. Let m = 29 - r. Is m composite?
True
Suppose -22 - 5 = 3*w. Let h = 3 - w. Suppose -h = -2*q + 314. Is q prime?
True
Let p(n) = n**2 + 3*n. Let h be p(-3). Suppose -25*o = -761 - 3114. Suppose -w + 36 + o = h. Is w composite?
False
Let n(w) = -5 - 1720*w**2 + 13*w + 4 - 9*w - 3. Let b be n(2). Is b/(-21) + 6/(-14) a composite number?
True
Let m(o) = 132*o. Let j be m(2). Let h be -4 - (-50 - (-2 + -3)). Let a = j - h. Is a prime?
True
Suppose 0*d + d = 2*x - 5, 3*x - 4*d = 10. Suppose x*g - 5*g = 3*m - 1437, -5*g = -5*m - 2395. Is g a composite number?
False
Suppose 0*a - 6 = -2*a. Suppose -i + 272 = -a*q, 0*i - 3*i + 774 = 5*q. Is i composite?
False
Let o(w) = w**2 + 3*w + 5. Let d be (2/7)/((-8)/(-28)). Let v = d + -5. Is o(v) composite?
True
Let m(q) = -262*q - 14. Let w = 15 - 9. Let g be m(w). Is 22/33 - g/6 a composite number?
True
Let s(a) = a**3 + 4*a**2 - 14*a - 9. Let n be s(-6). Suppose n*f - 816 = 7*f. Let k = 883 + f. Is k a prime number?
False
Let d(l) be the second derivative of 5*l**4/12 + 13*l**3/6 - 4*l**2 + 5*l. Let z be d(-12). Let k = z + -267. Is k prime?
False
Let y = -5421 + 3624. Let x = -664 - y. Is x a prime number?
False
Suppose -2*v = 5*y - 1373, -5*v = -v + y - 2719. Is v a composite number?
True
Let c be 8/6*((-5)/(-10) + 1). Suppose -c*i - 4*i = -870. Is i prime?
False
Let v(f) = -f**3 - 6*f**2 + 11*f + 7. Suppose 0 = l - 4*l - 24. Is v(l) composite?
False
Suppose -2*q = 3*h + 722, 3*h = 2*q - q - 710. Let w = -111 - h. Is w prime?
True
Is (1/2)/(-3 - 228652/(-76216)) a prime number?
False
Suppose 0 = -l - 53 - 356. Let w = l + 918. Is w a composite number?
False
Suppose 0 = 4*y - 2913 + 881. Suppose 3*d = -d + y. Is d a prime number?
True
Suppose 3*n - 90 = f + 32, -4*f = 20. Suppose -5*d + 1118 = -4*o + n, 2*o = -d + 213. Is d a composite number?
True
Let t(j) = j - 3. Let y be t(3). Suppose 3*k - 12 - 9 = y. Let p(c) = 42*c + 11. Is p(k) a prime number?
False
Suppose -b + 5*x = 3*x - 35, -85 = -3*b + 2*x. Is b/20*-2*(-1502)/5 a prime number?
True
Is (-1078)/(-294) - (-58942)/3 a composite number?
True
Suppose 7*l - 212 = 11*l. Let u = -30 - l. Let d = 154 - u. Is d a composite number?
False
Let x(i) = -61*i - 2. Let a(r) = -r. Let v be a(8). Let c be x(v). Suppose -401 = -f + c. Is f a composite number?
False
Let z(l) = -23*l - 13. Let t = 32 - 36. Is z(t) prime?
True
Suppose 17 + 12 = 3*r + 5*p, -p - 11 = -5*r. Suppose r*c - 427 = 146. Is c a composite number?
False
Let p be 57/((-1)/(24/(-9))). Suppose p = 5*m + 557. Let o = -28 - m. Is o prime?
True
Let a(q) = -q**3 + 10*q**2 + 10*q + 6. Let n be a(-9). Suppose -4*x = -9*x + n. Is x prime?
False
Suppose i + 2*i - 9 = 0. Suppose 5*t = -5*v + 1395, -3*v + t = -i*t - 823. Is v composite?
False
Let b(g) = 3*g**2 + 5*g - 4. Let z be b(6). Let v = z + 0. Let c = 441 - v. Is c a prime number?
True
Suppose 4*o + 4*u - 13987 = u, 3*o + 5*u = 10482. Is o a composite number?
False
Suppose 4*c - 1478 - 452 = -2*h, 5*c + 2*h - 2412 = 0. Is c composite?
True
Let a be (-111)/6*-18 - 1. Suppose -5*m + m + a = 0. Is m a composite number?
False
Suppose -3*v + 68 = -4. Let h be (v/14)/(16/56). Suppose -2*r + 10 = 0, -2*m - 4*r - 1776 = -h*m. Is m composite?
False
Let j = -6024 - -8451. Is j prime?
False
Let x = -66 - -67. Is 1/x + -2 + 122 + -3 a prime number?
False
Let h(n) = 12*n**2 - 8*n - 9. Let z be (-32)/3*3/2. Let s = z + 11. Is h(s) a composite number?
False
Suppose 0 = -5*o, -5*k + 0*k + 4*o = -80. Let a be 48*(k/4)/8. Suppose 0 = -2*b + 98 - a. Is b a composite number?
False
Let g = 6 + 4. Suppose 19 = -3*b + g. Let m(a) = -41*a. Is m(b) a prime number?
False
Is (-77)/(-7) + (30399 - -9) a composite number?
True
Let r(g) = -g**3 - 16*g**2 + 22*g - 16. Is r(-21) a prime number?
False
Let m(b) be the first derivative of -b**4/4 - 19*b**3/3 - 12*b**2 + 31*b + 2. Is m(-19) prime?
True
Let g(w) = -37*w. Let k(x) = -1591*x. Let f(i) = 259*g(i) - 6*k(i). Let v be f(1). Let o = v - -62. Is o prime?
False
Let z be ((-501)/12)/((-2)/8). Suppose -3*n + 3*f = -135 + 18, 2*f = -5*n + z. Let x = n - 14. Is x composite?
True
Let b(j) = j**2 + 4*j. Let d be b(-4). Let o(i) = i**2 + i. Let q be o(1). Suppose d = q*a + 3*a - 265. Is a a composite number?
False
Let l = 17030 - 3187. Is l a prime number?
False
Let g(d) = d**3 - 15*d**2 - 16*d - 13. Let u be (-1)/4*(-140)/5. Suppose u*x = 5*x + 34. Is g(x) prime?
True
Suppose -582 = -h - s, 0 = 4*h - 2*s - 1924 - 410. Is h a prime number?
False
Suppose n = 2, -4*z - 26*n = -29*n - 8398. Is z a prime number?
False
Suppose 7*f - 2*f = 1815. Let q(u) = 2*u**2 - 9*u + 9. Let b be q(1). Suppose -b*l + f = -151. Is l composite?
False
Let z(u) = -u**3 + 32*u**2 - 37*u + 65. Is z(24) prime?
False
Let v(b) = b**2 - 2*b + 11. Let k(z) = -z**2 + 13*z - 12. Let c be k(12). Is v(c) a prime number?
True
Suppose 251110 = -11*o + 1669978. Is o/20 - (-3 + (-34)/(-10)) a composite number?
False
Let s(v) = -3*v**2 + 9 + 20*v + 9*v**2 + 21*v - 16*v. Let b be s(-17). Suppose -4*o = -2*f + b - 328, f + 5*o - 516 = 0. Is f prime?
False
Let j(r) be the second derivative of -45*r**4 - r**3/3 - r**2/2 - 6*r. Let s be j(-1). Let i = 790 + s. Is i a prime number?
True
Let p(t) = -2*t - 16. Suppose 0 = -3*g + 4*m - 31, 3*m - 48 = 2*g + 3*g. Let l be p(g). Suppose 0*i + 4*j = -3*i + 475, -l*j = -2. Is i prime?
True
Is ((-38113)/4 + 0)/(54/(-216)) composite?
False
Let w(v) = v**3 + 4*v**2 - 5*v + 4. Let i be w(-5). Suppose 2*p + 264 = -0*p - 3*r, i*r + 266 = -2*p. Let u = -58 - p. Is u prime?
True
Let h(o) = o**3 + 4*o**2 - 4*o - 6. Let t be h(-4). Is t/(((-4)/(-22))/1) a prime number?
False
Let d = 281507 - 181116. Is d prime?
True
Let c(q) = -q**3 + 3*q**2 - 11*q - 5. Let j be c(-5). Suppose -11*o + j + 7945 = 0. Is o a prime number?
False
Let x = -3 + 1. Let p(t) = t**3 - 7*t**2 + 2*t - 5. Let h be p(7). Is 33 - 9/(h/x) a composite number?
True
Is (-3 + (-196603)/(-55))*5 prime?
False
Suppose 3*j = 4*b - 6787, 0*b + 5*j - 1668 = -b. Suppose 225 - b = -4*w. Is w prime?
True
Let k be (49 - 1) + 11/(-11). Let x = 65 + k. Let n = -9 + x. Is n prime?
True
Suppose -4*z = -z - 99. Suppose 133 = 11*l + 342. Let p = l + z. Is p a prime number?
False
Suppose 7*c + 46*c - 1638601 = 0. Is c composite?
True
Let b = 92 + -97. Let x(m) = -201*m + 4. Is x(b) prime?
True
Suppose 6*k - 4*k - 6 = 0. Let o(t) = 46*t**2 - 3*t + 2. Is o(k) prime?
False
Let p = 68 - 43. Suppose p